 is divided by 16.
13
Calculate the remainder when 1459655 is divided by 56.
15
What is the remainder when 4217201 is divided by 4217039?
162
Calculate the remainder when 10922430 is divided by 12.
6
What is the remainder when 90411175 is divided by 3259?
3256
Calculate the remainder when 19172611 is divided by 1953.
10
Calculate the remainder when 7014686 is divided by 40.
6
What is the remainder when 2427639 is divided by 346805?
4
What is the remainder when 77379986 is divided by 1349?
1346
Calculate the remainder when 6017711 is divided by 1097.
666
Calculate the remainder when 253541 is divided by 882.
407
What is the remainder when 25343890 is divided by 1956?
1954
What is the remainder when 271090 is divided by 658?
652
What is the remainder when 215487 is divided by 5605?
2497
What is the remainder when 1909562874 is divided by 11674?
11672
Calculate the remainder when 927783 is divided by 200.
183
Calculate the remainder when 71086 is divided by 11795.
316
Calculate the remainder when 564282 is divided by 56400.
282
Calculate the remainder when 26829612 is divided by 8943197.
21
Calculate the remainder when 8551196 is divided by 11178.
26
What is the remainder when 2801281 is divided by 10375?
31
Calculate the remainder when 69700076 is divided by 48.
44
Calculate the remainder when 6386 is divided by 90.
86
What is the remainder when 36668847 is divided by 1942?
3
Calculate the remainder when 2958256 is divided by 387.
28
What is the remainder when 22945498 is divided by 1357?
1342
What is the remainder when 59723 is divided by 1106?
1105
Calculate the remainder when 9162370 is divided by 51.
16
Calculate the remainder when 155052829 is divided by 32.
29
Calculate the remainder when 1637408 is divided by 7797.
38
Calculate the remainder when 37391617 is divided by 380.
377
Calculate the remainder when 27270651 is divided by 40.
11
Calculate the remainder when 103763 is divided by 721.
660
What is the remainder when 2833963 is divided by 1416900?
163
Calculate the remainder when 9363782 is divided by 191097.
29
What is the remainder when 106716 is divided by 6313?
5708
Calculate the remainder when 7421367 is divided by 28.
23
Calculate the remainder when 39511255 is divided by 18.
13
What is the remainder when 13868623 is divided by 3329?
9
Calculate the remainder when 1992141 is divided by 1563.
879
What is the remainder when 564141 is divided by 188030?
51
Calculate the remainder when 2856000 is divided by 407999.
7
What is the remainder when 35690899 is divided by 17845445?
9
Calculate the remainder when 1017970874 is divided by 3375.
3374
Calculate the remainder when 440812 is divided by 145.
12
What is the remainder when 28445302 is divided by 51?
1
What is the remainder when 8030334 is divided by 667?
321
Calculate the remainder when 510252958 is divided by 3360.
3358
What is the remainder when 834259 is divided by 187?
52
What is the remainder when 27133 is divided by 6747?
145
What is the remainder when 476851 is divided by 158698?
757
What is the remainder when 36076455 is divided by 1724?
31
Calculate the remainder when 1271357 is divided by 697.
29
What is the remainder when 5498960 is divided by 15939?
5
What is the remainder when 2382210 is divided by 227?
72
Calculate the remainder when 152641940 is divided by 5870843.
22
Calculate the remainder when 323110 is divided by 82.
30
What is the remainder when 167571 is divided by 1033?
225
What is the remainder when 2177436 is divided by 34560?
156
Calculate the remainder when 5610951 is divided by 801518.
325
What is the remainder when 1160245 is divided by 385000?
5245
Calculate the remainder when 63889317 is divided by 435.
432
Calculate the remainder when 4081893 is divided by 61.
17
What is the remainder when 254511371 is divided by 8453?
8447
Calculate the remainder when 35209610 is divided by 22.
18
Calculate the remainder when 71291 is divided by 1267.
339
What is the remainder when 2093733 is divided by 418746?
3
What is the remainder when 2233636 is divided by 143?
119
What is the remainder when 14428578 is divided by 4809526?
0
What is the remainder when 14415363 is divided by 6?
3
Calculate the remainder when 49869147 is divided by 340.
327
Calculate the remainder when 4227625 is divided by 1409190.
55
Calculate the remainder when 68473 is divided by 9781.
6
Calculate the remainder when 11087 is divided by 1334.
415
What is the remainder when 649862 is divided by 9870?
8312
What is the remainder when 48891982 is divided by 1065?
1027
Calculate the remainder when 12924752 is divided by 749.
8
What is the remainder when 64557 is divided by 327?
138
Calculate the remainder when 70037412 is divided by 577.
575
What is the remainder when 11305 is divided by 705?
25
Calculate the remainder when 32462 is divided by 90.
62
Calculate the remainder when 10111 is divided by 570.
421
Calculate the remainder when 179846 is divided by 442.
394
What is the remainder when 17093774 is divided by 75?
74
Calculate the remainder when 5095227 is divided by 28.
11
Calculate the remainder when 269045 is divided by 38.
5
What is the remainder when 12184673 is divided by 327?
326
Calculate the remainder when 5655253 is divided by 47.
25
What is the remainder when 1940781 is divided by 216?
21
Calculate the remainder when 7502061 is divided by 116.
109
What is the remainder when 89008 is divided by 3562?
3520
Calculate the remainder when 37575798 is divided by 56.
22
Calculate the remainder when 2278655 is divided by 569658.
23
What is the remainder when 2057426 is divided by 8868?
50
What is the remainder when 143387 is divided by 918?
179
Calculate the remainder when 26062 is divided by 539.
190
Calculate the remainder when 29984 is divided by 729.
95
What is the remainder when 449236 is divided by 14467?
759
Calculate the remainder when 93248 is divided by 28236.
8540
What is the remainder when 5853 is divided by 1462?
5
Calculate the remainder when 463261 is divided by 3173.
3
Calculate the remainder when 415641 is divided by 175.
16
What is the remainder when 259775 is divided by 219?
41
What is the remainder when 36878813 is divided by 9?
8
Calculate the remainder when 2526938 is divided by 18.
8
Calculate the remainder when 1762612 is divided by 30923.
1
Calculate the remainder when 37971789 is divided by 345198.
9
What is the remainder when 549183 is divided by 9155?
9038
What is the remainder when 10863082 is divided by 28738?
118
Calculate the remainder when 10753475 is divided by 891.
887
Calculate the remainder when 532008 is divided by 512.
40
Calculate the remainder when 3124927 is divided by 1.
0
What is the remainder when 18163804 is divided by 1737?
1732
What is the remainder when 226051 is divided by 2351?
355
What is the remainder when 173624353 is divided by 6564?
6553
Calculate the remainder when 3947815 is divided by 207771.
166
What is the remainder when 6176682 is divided by 1606?
6
What is the remainder when 230625 is divided by 230042?
583
What is the remainder when 739550 is divided by 29?
21
Calculate the remainder when 167418 is divided by 125.
43
Calculate the remainder when 379682 is divided by 672.
2
Calculate the remainder when 75050 is divided by 160.
10
Calculate the remainder when 71811 is divided by 3980.
171
Calculate the remainder when 907317 is divided by 235.
217
What is the remainder when 10589477 is divided by 387?
383
Calculate the remainder when 22212 is divided by 693.
36
Calculate the remainder when 39498 is divided by 1300.
498
Calculate the remainder when 29295459 is divided by 26.
11
Calculate the remainder when 3815694 is divided by 38.
0
What is the remainder when 1228823 is divided by 1008?
71
Calculate the remainder when 39025618 is divided by 29.
28
Calculate the remainder when 115404850 is divided by 1635.
10
What is the remainder when 18536218 is divided by 726?
712
Calculate the remainder when 338004 is divided by 112419.
747
What is the remainder when 95444 is divided by 11211?
5756
What is the remainder when 140215640 is divided by 3996?
3992
Calculate the remainder when 1163157 is divided by 442.
255
Calculate the remainder when 111188 is divided by 36854.
626
What is the remainder when 12718841 is divided by 7451?
7435
Calc